s digit of -14*1/u*-3?
2
Let b(f) = 56 + 56 + 57 + 54 - 238 - 3*f. Suppose 6*j - 2*j + 2*v = -24, 2*v - 8 = 0. What is the units digit of b(j)?
9
Let u = 68 + -39. Let m(k) = -k**2 + 88*k - 42. Let v be m(0). Let y = u - v. What is the units digit of y?
1
Suppose -4*t = -4*o + 2552, 27*t = 24*t - 15. What is the hundreds digit of o?
6
Let c be (-240)/(-64) + (-3)/4. Suppose -2*r - 13 = -c*x, -x = r - 3*r + 1. What is the units digit of x?
7
Suppose -28*d = -22*d - 1914. What is the hundreds digit of d?
3
Let d = 1066 - -1734. What is the thousands digit of d?
2
What is the hundreds digit of (1 - (-216)/10)*15?
3
Let k be 69 - (-2 - 8/4). Suppose 0 = -2*z + k + 7. What is the tens digit of z?
4
Suppose -i - 5*d + 579 = -4*i, -2*i = -d + 393. Let j = 341 + i. What is the hundreds digit of j?
1
Let b(s) = 2*s**3 - 31*s**2 - 28*s + 14. What is the thousands digit of b(18)?
1
What is the tens digit of (-2)/16 - (-36729)/264?
3
Let y = -17 + 14. Let l be 2/4*(y + 3). Suppose i - 9 - 13 = l. What is the units digit of i?
2
Let o = -35 - -324. Let d = 461 - o. What is the hundreds digit of d?
1
Let s(z) = 8*z - z + 0*z. Let y = 22 - 21. What is the units digit of s(y)?
7
Suppose 4*b - 4*l - 720 = -0*b, -5*l - 542 = -3*b. What is the units digit of b?
9
Let q(i) = -i**2 + 0*i - 6*i - 5 - 2 - 6*i. Let m be q(-9). Suppose -n = -0*n - m. What is the units digit of n?
0
Suppose 0 = -96*i + 94*i - 34. Let a(b) = b**3 + b**2 - 3*b - 2. Let z be a(-2). Let o = z - i. What is the tens digit of o?
1
Suppose -3*v - 11 + 5 = 0. Let z(o) = 13*o**2 + o - 1. Let d be z(v). Let n = d + -21. What is the tens digit of n?
2
Let o be (-103)/(-3) - 10/(-15). Let q = 9 + o. Suppose 0 = -0*i + 2*i - q. What is the units digit of i?
2
Let x(u) = 22*u - 19. Let w be x(12). Let d = w + -130. What is the units digit of d?
5
Let u = 754 + 947. What is the hundreds digit of u?
7
Suppose -659 = 3*j - 2411. What is the units digit of j?
4
Suppose -114 + 4 = 5*l. Let y = 39 + l. What is the units digit of y?
7
Let d = -31 - -6. Suppose 0*k - f = 2*k - 90, 0 = -2*k - 5*f + 82. Let b = d + k. What is the units digit of b?
1
Let c = 15 - 15. Suppose 5*g - 105 = -c*g. What is the units digit of g?
1
Let j(o) = -61*o**3 + 2 + 20 + 62*o**3 - 8*o - 8*o**2. What is the tens digit of j(9)?
3
Let b be 122 - 5/(-4)*-4. Suppose 0 = -5*y + 18*y - b. What is the units digit of y?
9
Suppose -33*t + 50781 - 12138 = 0. What is the hundreds digit of t?
1
Let m(h) be the first derivative of h**3/3 + h**2/2 - 6*h + 3. What is the tens digit of m(-11)?
0
What is the units digit of (-6111)/(190/20 - 11)?
4
Let j = 9 + -9. Suppose -b + 57 + 112 = 3*c, j = -3*c - 3*b + 171. What is the tens digit of c?
5
Suppose -6*m - 441 + 2487 = 0. Let s = -151 + m. Suppose s = -w + 6*w. What is the tens digit of w?
3
Let u = 31 + -27. Let j(w) = -w**2 + 5*w + 5. Let t be j(u). Suppose 0 = 4*x - t*x + 210. What is the tens digit of x?
4
What is the tens digit of (-3)/9*3 - -5 - -111?
1
Let j(o) = 2*o + 9*o - o**2 - 4*o + 4 + 13*o. What is the units digit of j(20)?
4
Suppose 3*p + p + 12 = 3*x, -4*x = 3*p - 16. Suppose p*h + 2*h = -56. Let a = 9 - h. What is the tens digit of a?
3
Let i(h) = -h**2 + 10*h + 5. Let r = -7 + 10. Suppose 0 = 2*c - 0*c - 5*q + 2, 4*q + 11 = r*c. What is the units digit of i(c)?
4
Let n = 62 - 32. What is the tens digit of ((-128)/6)/(n/(-9) + 3)?
6
Suppose -3*k - 3*p - 3 = 3, 0 = 2*p + 8. Let h be (k/1)/(11/176). Suppose 46 + h = 2*b. What is the units digit of b?
9
Suppose -1430 = 7*f - 415. Let d = 211 + f. What is the units digit of d?
6
Suppose 15*n = 13*n + 682. What is the units digit of n?
1
Suppose 0 = -7*m - 58 + 6225. What is the units digit of m?
1
Let x(u) = -u**3 - 9*u**2 - 10. Let q be x(-9). Let c = 4 + q. Let r(w) = -3*w - 3. What is the units digit of r(c)?
5
Suppose -403*j = -405*j + 1666. What is the hundreds digit of j?
8
Let i(r) = -r**2 - 3*r + 28. Let l be i(-7). Let y = -2 - -5. Suppose -4*j = 4*q - 208, j + j + y*q - 103 = l. What is the units digit of j?
3
Let v(z) = -z**3 - 3*z**2 + 2. Let u(d) = 2*d. Let r be u(-2). What is the tens digit of v(r)?
1
Let o(m) = -7*m - 5. Let z be o(-6). Suppose 28 - 8 = 5*c. Suppose -4*w = c*b - 83 - z, -b + 2*w + 18 = 0. What is the units digit of b?
6
Suppose 5874 = -733*i + 739*i. What is the hundreds digit of i?
9
Let u = 30 + -28. Suppose -d + 3 = -u*h, -h + 2 = -3. Suppose 14 = i - g + 4, -d = -i + 2*g. What is the units digit of i?
7
Let m be 2*2/(4/2014). What is the hundreds digit of m/8 - (-2)/8?
2
Let t(b) = -16*b + 1. Let i be t(2). What is the units digit of i/(-2) + 1/(-2)?
5
Let w(o) = o**3 - o**2 - 4*o + 3. Let x be w(-4). Let q = x - -65. What is the units digit of q?
4
Let f = 21 - 17. What is the tens digit of f + 2/((-6)/(-189))?
6
Suppose 35 = g + 3*g - 5*f, 4*g - 2*f - 26 = 0. Let n be (0 + -1 + g)/2. Suppose -5*x - 16 - 22 = -n*b, -b - 3*x = -8. What is the tens digit of b?
1
Let j = 11 - -10. Suppose 0 = 27*m - 33*m + 168. Let k = m - j. What is the units digit of k?
7
Let w(g) = -g**3 - g**2 + 4*g - 4. Let u be w(2). Let i(z) = z**3 + 9*z**2 - 6*z - 16. What is the tens digit of i(u)?
9
Suppose -191 - 1889 = -8*l. What is the tens digit of l?
6
Let d(p) = -p**3 - 15*p**2 + 18*p + 3. Let b be d(-16). Let u be (2/4)/((-3)/(-36)). Let a = u - b. What is the units digit of a?
5
Let r(s) = -2*s + 5. Let g be r(11). Let i = g - -37. What is the units digit of 116/i - (-2)/10?
6
Let h(r) = r**3 + 3*r**2 - 4*r + 2. Let g be h(-4). Suppose -5*z - 4*f = -16, f = z - g*f + 12. Suppose z*c + 4*c = 156. What is the tens digit of c?
3
Let g(n) = -42*n - 4. Let m(r) = 21*r + 2. Let h(z) = 4*g(z) + 7*m(z). Let f be h(-6). Suppose 1 + f = 5*p. What is the tens digit of p?
2
Let g(j) = -23*j - 46. Suppose -2*x - 11 = 11. What is the units digit of g(x)?
7
Let x = 27 - 14. Let j(l) = -l**3 + 13*l**2 + 9*l + 23. What is the hundreds digit of j(x)?
1
Let o = 316 + -216. Let y = 158 - o. What is the units digit of y?
8
Let p = 47 + 29. Let b = 126 - p. What is the tens digit of b?
5
Let z = -4 + 7. What is the units digit of 5*(12 - (-6)/z)?
0
Let j(p) = 11*p**3 + 11*p**2. Let a(d) = -4*d**3 - 4*d**2. Let r(i) = -17*a(i) - 6*j(i). What is the tens digit of r(2)?
2
Let d be 3 - -3*9/1. Suppose -d = -5*c - 4*m + 35, 5*m = 3*c - 76. What is the tens digit of c?
1
Let b be ((-9)/(-6))/((-1)/(-4)). Suppose -v + 563 = 4*l, 4*v - b*v - 707 = -5*l. What is the hundreds digit of l?
1
Let j(v) = -v**2 + 2*v + 3. Let h = -14 + 17. Let d be j(h). Suppose -5*q = -d*q - 95. What is the tens digit of q?
1
Suppose 0 = -3*o + 3*s - 0*s - 3, -3*o - s = 7. Let n(w) = 70*w**2 - 2*w - 5. What is the tens digit of n(o)?
7
Suppose 0*b = b - 22. Let z = -30 + b. Let w = 9 + z. What is the units digit of w?
1
Let r = -16 + 20. Suppose -r*x - 272 = -8*x. What is the units digit of x?
8
Let l(h) = h + 1. Let s be l(2). Suppose j = s*j. Suppose 55 = p + 5*g, 3*p - p - 3*g - 45 = j. What is the units digit of p?
0
Suppose 7*i + 775 = 5*c + 6*i, i = -c + 149. What is the tens digit of c?
5
Let j(v) be the third derivative of -v**4/6 - v**3/2 - 7*v**2. Let t be j(-2). Suppose -t*q = 3*g - 22, -4*q + 2 + 2 = -g. What is the units digit of g?
4
Suppose 0 = z - 29*h + 24*h - 3321, 0 = -z - 3*h + 3353. What is the units digit of z?
1
Let o(f) be the first derivative of 29*f**2/2 + f + 167. Let w = -3 + 4. What is the units digit of o(w)?
0
Let y(c) = -4*c - 19. Let g be y(-15). Suppose 85 = b + b - 3*l, -g = -b + 2*l. What is the tens digit of b?
4
Let b = 181 + -176. What is the units digit of b?
5
Let f(y) = 6*y**2 + 6*y + 281. What is the hundreds digit of f(30)?
8
Let u = 2305 - 766. What is the tens digit of u?
3
Suppose -4*b = -2*z - 8410, 5*b + z - 158 - 10344 = 0. What is the units digit of b?
1
Let g = 1542 - 1229. What is the tens digit of g?
1
Let k(b) = -646*b + 129. What is the hundreds digit of k(-6)?
0
Let t = -681 + 1115. Suppose -9*d - t + 2288 = 0. What is the hundreds digit of d?
2
Let o(f) = f**3 + 2*f**2 - 9*f - 7. Let c be o(-4). Let l(b) = -81*b - 33. What is the tens digit of l(c)?
1
Suppose 0 = -2*d - 124 + 4228. What is the hundreds digit of d?
0
Let k(m) = 2*m**2 - 3*m + 5. Let s be k(5). Suppose r = -3*r + s. Let v = 5 + r. What is